) = 854*x + 43648. Calculate w(-50).
948
Let k(a) = 27*a**2 + 420*a + 35. Give k(-4).
-1213
Let b(c) = -9*c**3 - 13*c**2 + 97*c - 7. Calculate b(3).
-76
Let c(l) = 219159*l + 6136454. Give c(-28).
2
Let o(n) = -2*n**3 + 71*n**2 - 94*n - 272. What is o(34)?
0
Let s(m) = m**2 - 73*m - 3756. Give s(-32).
-396
Let x(o) = 4*o**3 + 5*o**2 + 1172*o - 5879. Calculate x(5).
606
Let i(l) = -2*l**2 - 50*l + 8444. What is i(66)?
-3568
Let q(l) = 143667*l - 3447996. Determine q(24).
12
Let j(z) = -6*z**3 - z**2 + 469704*z - 469704. What is j(1)?
-7
Let s(u) = 12*u**2 + 481*u + 2126. Determine s(-35).
-9
Let h(x) = -14772*x + 162407. What is h(11)?
-85
Let k(v) = 2*v**3 + 1020*v**2 + 18673*v + 301. Give k(-19).
16
Let m(w) = w**3 + 75*w**2 - 243*w - 5998. Calculate m(-77).
855
Let z(k) = 27*k**2 - 579*k + 486. Calculate z(22).
816
Let u(m) = -6873*m + 35039. What is u(5)?
674
Let z(p) = -99*p**2 - 60227*p - 21263. Determine z(-608).
17
Let j(l) = -255*l**2 + 3592*l - 76. What is j(14)?
232
Let i(d) = 118*d**2 - 4133*d - 95. Give i(35).
-200
Let z(p) = 14*p**3 + 1638*p**2 - 77*p - 8995. What is z(-117)?
14
Let m(p) = 5*p**3 + 162*p**2 - 56*p - 3659. Calculate m(-32).
181
Let a(d) = -13274*d + 106172. Calculate a(8).
-20
Let n(g) = 35*g**2 - 6211*g + 37306. Give n(6).
1300
Let f(q) = -275*q + 24509. Determine f(89).
34
Let h(g) = 39*g**2 + 857*g - 9418. Give h(-30).
-28
Let t(v) = -32642*v - 228575. Determine t(-7).
-81
Let n(m) = 2*m**3 + 19*m**2 + 1066*m + 12088. Give n(-11).
-1
Let u(j) = -j**2 + 4142*j - 3186551. Calculate u(1021).
-10
Let h(p) = -p**3 + 6*p**2 + 55*p + 33. Calculate h(-8).
489
Let z(j) = 38539*j + 1002000. What is z(-26)?
-14
Let w(u) = 31*u**3 - 152*u**2 + 28*u - 40. Calculate w(5).
175
Let v(d) = d**3 + 52*d**2 + 456*d - 1088. What is v(-39)?
901
Let l(w) = -298*w - 24205. Calculate l(-82).
231
Let s(j) = 3*j**2 - 387*j + 12526. Determine s(62).
64
Let x(h) = 873*h**3 + 52*h**2 - 52*h + 2. Calculate x(1).
875
Let q(r) = 956*r - 290602. Determine q(304).
22
Let r(p) = -2*p**3 + 164*p**2 + 741*p + 816. Give r(-2).
6
Let m(a) = a**3 + 245*a**2 - 19041*a - 2214. Determine m(-307).
-65
Let t(q) = -232*q**3 + q**2 + 7*q + 20. Determine t(-2).
1866
Let s(m) = m**3 - 69*m**2 - 723*m - 165. Calculate s(-9).
24
Let y(a) = a**2 - 150287*a + 3005345. Give y(20).
5
Let o(r) = -2*r**2 + 23982*r + 167967. Determine o(-7).
-5
Let j(t) = t**2 + 93*t - 1880. Give j(-33).
-3860
Let l(f) = -69836*f + 69812. Determine l(1).
-24
Let u(w) = -4*w**3 + 435*w**2 - 339*w - 411. Calculate u(108).
-2031
Let l(j) = j**3 - 65*j**2 + 1284*j - 7067. Calculate l(9).
-47
Let r(a) = 41356*a - 2646797. Give r(64).
-13
Let f(g) = 5*g**2 - 1198*g + 9400. Give f(8).
136
Let j(t) = 12*t**2 + 98*t - 674. Determine j(6).
346
Let j(v) = -v**3 - 2*v**2 + 217*v - 327. Give j(13).
-41
Let b(s) = -947*s - 434571. Determine b(-459).
102
Let o(l) = -41*l**2 + 900*l + 16767. What is o(34)?
-29
Let m(z) = -125*z - 3640. What is m(-29)?
-15
Let m(x) = -x**2 - 64637*x - 2067438. Give m(-32).
-78
Let i(q) = q**2 - 392*q + 32618. Give i(272).
-22
Let b(x) = x**2 - 236*x + 2424. What is b(10)?
164
Let d(w) = w**3 - 309*w**2 - 936*w + 416. Determine d(312).
416
Let u(i) = i**3 + i**2 + 964*i + 3753. What is u(-4)?
-151
Let c(m) = -4*m**3 - 62*m**2 - m + 45. What is c(-16)?
573
Let f(s) = -293*s - 57152. Calculate f(-208).
3792
Let h(l) = l**3 - 18*l**2 + 62*l - 17. Determine h(14).
67
Let n(i) = -117*i**2 - 87*i + 1524. Determine n(-4).
0
Let j(z) = -z**2 - 1215*z - 22689. Give j(-19).
35
Let n(h) = -h**3 + 270*h**2 + 2456*h + 15966. What is n(279)?
621
Let u(t) = 13*t**3 + 299*t**2 + 418*t - 2668. What is u(-21)?
20
Let c(a) = -a**3 - 5*a**2 + 58*a - 179. Calculate c(4).
-91
Let o(y) = -5*y**3 - 12*y**2 + 103*y + 531. Give o(-6).
561
Let i(h) = 376*h + 17323. Calculate i(-47).
-349
Let c(y) = 2*y**2 - 122*y - 776. What is c(-6)?
28
Let k(a) = a**3 - 21*a**2 + 4575*a - 49148. Calculate k(11).
-33
Let b(k) = -220872*k - 7951415. Give b(-36).
-23
Let u(x) = -284*x**2 - 7963*x - 271. Give u(-28).
37
Let x(w) = 2*w**2 + 65*w + 518. Calculate x(-24).
110
Let w(s) = s**3 + s**2 + 11477*s + 35. Determine w(0).
35
Let y(j) = -11*j**2 - 189*j - 890. Determine y(-6).
-152
Let j(o) = o**3 + 8*o**2 - 114*o - 417. Determine j(-19).
-2222
Let c(z) = 913*z + 5242. Calculate c(-6).
-236
Let j(s) = -2891*s - 315146. Give j(-109).
-27
Let j(o) = -1285*o**2 - 4019*o. Give j(-3).
492
Let u(w) = 9*w**3 - 4582*w**2 - 4082*w + 921. Calculate u(510).
-99
Let m(c) = c**3 - 23*c**2 - 48*c + 74. Give m(23).
-1030
Let i(y) = 4*y**3 + 39*y**2 + 220*y + 21. Calculate i(-8).
-1291
Let b(g) = -318*g**2 - 3821*g - 15269. Determine b(-4).
-5073
Let q(m) = m**2 - 1724*m + 23929. Determine q(14).
-11
Let d(g) = -g**2 + 148*g - 2784. What is d(129)?
-333
Let i(u) = -25*u**2 - 5706*u - 45634. Calculate i(-8).
-1586
Let m(s) = -s**3 + 55*s**2 - 21*s - 1236. Calculate m(54).
546
Let m(u) = 2*u**2 - 151*u + 207. Give m(72).
-297
Let g(u) = 7*u**3 + 993*u**2 - 234*u - 13074. What is g(-142)?
-10
Let v(b) = -b**3 + 87*b**2 - 1303*b + 5198. Calculate v(7).
-3
Let o(l) = 20*l**3 + 115*l**2 - 33*l - 12. Give o(-5).
528
Let d(f) = f**3 + 10*f**2 - 645*f - 8963. Calculate d(-17).
-21
Let g(i) = -7*i**2 + 55635*i - 2599380. Determine g(47).
2
Let i(k) = k**3 + 23*k**2 - 92*k - 1054. Calculate i(-25).
-4
Let x(v) = -4*v**3 - 65*v**2 - 584*v - 9036. Give x(-16).
52
Let o(x) = 5*x**2 - 350243*x - 700487. Calculate o(-2).
19
Let r(s) = -1566*s**2 + 70492*s - 98. Give r(45).
892
Let g(a) = a**2 - 557*a + 1668. Give g(3).
6
Let q(v) = -v**2 - 81066*v + 324285. Give q(4).
5
Let y(d) = -d**3 + 785*d**2 - 151408*d + 1736. What is y(444)?
-40
Let y(b) = 8*b**3 - 207*b**2 + 365*b - 55. Give y(24).
65
Let w(f) = f**3 - 18*f**2 - 201*f + 731. Give w(25).
81
Let k(n) = 27*n**2 + 1985*n - 360. Give k(-73).
-1382
Let s(f) = -333*f**2 + 5610*f + 858. Determine s(17).
-9
Let v(x) = x**2 - 1187*x - 14526. What is v(-12)?
-138
Let i(a) = 1133*a + 12500. Calculate i(-11).
37
Let d(p) = p**2 + 408*p + 9580. Determine d(-25).
5
Let j(t) = 18855*t - 2639716. Give j(140).
-16
Let p(n) = -5205*n - 36759. Calculate p(-7).
-324
Let f(m) = -257*m + 2723. Give f(11).
-104
Let r(x) = 136945*x - 410865. What is r(3)?
-30
Let h(l) = -170529*l - 852654. Give h(-5).
-9
Let m(y) = -y**2 - 113153*y + 905315. Give m(8).
27
Let n(a) = -2*a**3 - 321*a**2 + 242*a + 64368. Determine n(-160).
48
Let w(s) = 886*s + 191363. Calculate w(-216).
-13
Let p(v) = -v**3 + 91*v**2 - 260*v - 389. Determine p(88).
-37
Let r(m) = -114*m**3 - 575*m**2 - 24*m + 10. Give r(-5).
5
Let k(w) = -188*w**2 - 251*w - 64. What is k(-1)?
-1
Let k(i) = 1894*i - 9563. Determine k(5).
-93
Let x(v) = 281*v**3 - 1655*v**2 - 186*v - 8. Calculate x(6).
-8
Let r(w) = -104*w**2 + 8538*w - 837. Determine r(82).
-17
Let h(x) = -13*x**3 - x**2 - 3*x - 411. Determine h(0).
-411
Let r(j) = 14*j**2 - 3*j + 90. Determine r(8).
962
Let g(q) = 732*q - 59274. Calculate g(81).
18
Let d(c) = -5644620*c - 129826257. Calculate d(-23).
3
Let s(r) = -r**3 + 4424*r**2 + 8874*r + 42. Calculate s(-2).
-2
Let k(j) = -2*j**3 + 278*j**2 + 834*j + 2518. Determine k(142).
-38
Let j(s) = 239056*s + 3107706. What is j(-13)?
-22
Let p(n) = 2*n**3 - 487*n**2 - 1978*n + 17. Give p(-4).
9
Let c(v) = -2*v**2 + 193*v - 1500. Calculate c(8).
-84
Let n(f) = f**2 - 1248*f + 67886. Give n(57).
-1
Let m(a) = 2*a**2 - 21656*a - 281895. Give m(-13).
-29
Let d(q) = -q**3 - 672*q**2 + 4076*q - 74. Calculate d(6).
-26
Let a(l) = -55*l - 1323. Determine a(-17).
-388
Let q(f) = -2*f**3 + 133*f**2 - 432*f - 574. Determine q(63).
-7
Let q(h) = 1281*h - 260028. Give q(203).
15
Let u(x) = 6977*x + 230405. Give u(-33).
164
Let x(t) = 3*t**2 + 6665*t + 26614. Calculate x(-4).
2
Let b(c) = c**2 - 11523*c - 3571147. Give b(-302).
3
Let j(o) = 14*o**2 - 295*o - 61. Determine j(22).
225
Let h(g) = -7431*g + 274927. Give h(37).
-20
Let b(l) = 13*l**3 - 130*l**2 - 369*l + 3692. Give b(10).
2
Let h(t) = -4*t**2 + 820*t - 32652. What is h(152)?
-428
Let s(t) = 84*t - 2274. Determine s(13).
-1182
Let y(q) = -166*q**2 + 1465*q - 1110. Determine y(8).
-14
Let y(z) = 7*z**2 - 426*z + 2551. Give y(6).
247
Let l(x) = 1542*x + 414818. Give l(-269).
20
Let j(a) = -5587*a - 74